11?
7
Let w(h) = -26*h + 46. Let u be w(-13). Let t = u + -337. What is the remainder when t is divided by 36?
11
Let o be 21 - (2/3)/(52/234). Let b = 82 - o. Calculate the remainder when b is divided by 4.
0
Let v = -17850 - -18539. What is the remainder when v is divided by 334?
21
Calculate the remainder when (3 - 4) + 1 - (-3 - (178 - -2)) is divided by 45.
3
Suppose 75*x = 19*x + 1568. Let a be (9/6 - 1)*-42. Let i = x + a. What is the remainder when 55 is divided by i?
6
Let z = -2950 - -3069. Let d(b) = 3*b**2 - 2*b. Let f be d(6). Suppose 0 = -3*w - w + f. Calculate the remainder when z is divided by w.
23
Suppose -b = b + 4*y - 74, -5*b + 176 = y. What is the remainder when 18802/136 - 21/28*3 is divided by b?
31
Suppose 2*x - 124 + 26 = 0. Calculate the remainder when x is divided by 34*(42/(-56) + 15/12).
15
Let y(g) = 1151*g + 10. Let v be y(2). Suppose -54 - v = -26*t. Calculate the remainder when t is divided by 32.
27
Let j be 1/(-3)*-207*(-8)/(-3). Let c = j - 153. What is the remainder when c is divided by 11?
9
Suppose -97*x = -58*x - 8463. Calculate the remainder when 2589 is divided by x.
202
Let l(w) be the first derivative of w**4/4 - 5*w**3/3 + 2*w**2 - 2*w - 18. Suppose -6 = 2*u - 0, o + u = 13. What is the remainder when l(6) is divided by o?
10
Suppose 0 = -2*j + 3*m + 38, -14*j + 15*j - m - 17 = 0. What is the remainder when 509 is divided by j?
2
Suppose -12 = -p + 4*i, -i + 12 = -2*p - 5*i. Suppose 2*o - 2*k = -p*o + 38, -2*o + 26 = 2*k. What is the remainder when -5*(-18)/((-4)/(-2)) is divided by o?
13
Suppose 0 = 4*u - 3*i - 6252, -2*u + 74*i - 72*i = -3126. What is the remainder when u is divided by 17?
16
Suppose 15*g = 18*g - 9. Suppose -5*a = l - 5 - 18, 13 = g*a + l. Suppose -a*x = 98 - 713. Calculate the remainder when x is divided by 31.
30
Let l(t) = t**3 + 5*t**2 + t - 6. Let h be l(-3). Suppose -429 = h*d - 22*d. Let p = 70 - 63. Calculate the remainder when d is divided by p.
5
Suppose 0 = 204*w - 195*w - 3222. Suppose 202 = 14*i - w. What is the remainder when 85 is divided by i?
5
Let b(m) = 2*m + 49. Let t = -147 + 155. What is the remainder when 66 is divided by b(t)?
1
Suppose 0 = -3*k - h - 43, 5*k - 2*k + 33 = -3*h. Let i = 22 + k. Suppose y - 4*y + i = 0. Calculate the remainder when 3 is divided by y.
1
Let r(g) = 15*g**2 + 373*g - 18. Let x(n) = -n**2 - 7*n - 7. Let m be x(-6). What is the remainder when r(-25) is divided by (5/2)/(m/(-4))?
2
What is the remainder when 809 is divided by (290/3)/(-3 - 33/36*-4)?
84
Suppose -d = -5*y - 3, -2*d - 2*d + 2*y + 48 = 0. Suppose -d*i - 759 = -36*i. What is the remainder when i is divided by 12?
9
Let w = 193 - -3. Suppose w = j - 84. Calculate the remainder when j is divided by 48.
40
Suppose -132 - 4 = -4*n. Suppose 8*q - 8 = 6*q, -3*r + 2*q + n = 0. Calculate the remainder when 38 is divided by r.
10
Suppose 1 = -w + 2*h - 5, -w + 6 = h. Suppose j - 60 = -2*t - t, 2*t - 48 = w*j. Suppose p - 22 - t = 0. What is the remainder when 128 is divided by p?
42
Let m(v) = 3*v**3 - 111*v**2 + 104*v + 162. What is the remainder when (-544)/(-18) - 2/9 is divided by m(36)?
12
Calculate the remainder when ((-104)/((20 - 0)/4))/(114/(-2280)) is divided by 94.
40
Suppose -t + 21*o - 26*o + 319 = 0, -5*t + 3*o = -1679. Calculate the remainder when t is divided by 12.
10
Suppose -4*k + 9340 = -4*d, -7*k - 43*d + 16305 = -42*d. What is the remainder when k is divided by 212?
210
Suppose 2 - 1 = o, -o - 27 = h. Let n(s) = -s**2 - 29*s - 9. Calculate the remainder when 34 is divided by n(h).
15
Let x(s) = -4*s - 5. Suppose -106*o + 16817 + 4913 = 0. Calculate the remainder when o is divided by x(-5).
10
Let q(o) = 7*o**3 + o**2 + 8*o - 14. Calculate the remainder when q(2) is divided by 51.
11
Suppose -1217 - 403 = 12*y. What is the remainder when 48 is divided by y/(9/1)*(-3)/5?
3
Let w(d) = d + 9. Let f be (-2814)/(-12) - 2/4. Let l = f + -142. Calculate the remainder when l is divided by w(10).
16
Suppose 3*f = -2*y + 4*f + 83, 0 = 3*y - 4*f - 117. Calculate the remainder when (242307/312)/(-109)*-24 is divided by y.
42
Suppose 143 = 56*n - 417. What is the remainder when 16/3*(5 - 2) is divided by n?
6
Let v = 47 + -34. Let t = v - 0. Suppose -4*m - k + 58 + t = 0, -2*m + 25 = -3*k. Calculate the remainder when 29 is divided by m.
12
Let m(v) = -v**2 - 91*v + 299. Calculate the remainder when 237 is divided by m(3).
16
Suppose 0 = -2*s + 5*i + 179 - 41, 324 = 5*s - 2*i. Let r be (-1 - (562 - 2)) + 1. Calculate the remainder when (s/(-10))/(32/r) is divided by 19.
17
Let n = 72 + -69. Suppose -323 - 70 = -n*j. Suppose 0 = -2*v - 3 + 25. What is the remainder when j is divided by v?
10
Suppose 0 = 4*b - 2*b + 72. Let a = -24 - b. What is the remainder when 77*(-2 + 340/175)/(24/(-240)) is divided by a?
8
Let i = 42 + -45. Let w be 2 - ((-6)/(-12))/(i/(-12)). Suppose w = 10*n - 133 - 807. Calculate the remainder when n is divided by 24.
22
Let i = 862 - 593. What is the remainder when i is divided by 29?
8
Suppose -28*z = 21*z - 251 - 190. What is the remainder when 764 is divided by z?
8
Suppose 69*k = 68*k + 160. Calculate the remainder when k is divided by 18.
16
Let j = 11 + -2. Suppose -4*d - 2*k + 121 = -37, 4*d = k + 161. Suppose 4*y = -0*o - 4*o + d, 5*y = 5*o. What is the remainder when j is divided by y?
4
Let g = 7370 + -7234. What is the remainder when 1085 is divided by g?
133
Let q(f) = -17*f + 6. Suppose 0 = -4*v + 20, 4*s + 2*v = s - 11. Calculate the remainder when q(s) is divided by 2/(-8) - (-845)/20.
41
Suppose 675 = 44*p - 17*p. Suppose 33*w = p*w + 224. What is the remainder when w is divided by 14?
0
Let c(v) = -9*v**2 - 298*v - 92. What is the remainder when c(-31) is divided by 164?
5
Suppose 9*w - 8*w - 390 = 10*o, -5*w + 2*o + 2238 = 0. What is the remainder when 934 is divided by w?
34
What is the remainder when (-9)/(-108) + 9239/12 is divided by 32?
2
What is the remainder when 261 is divided by 1*(58 + 24/15*(-10)/(-4))?
13
Suppose n + 5*b = 108, 0 = 2*b + 6. Let r be ((-720)/108)/(2/(-9)). Calculate the remainder when n is divided by 4/(20/5) - (0 - r).
30
Suppose 0 = -3*q - 29 - 1. Suppose 0 = -4*b + 2*k + 70, -3*b + 3*k + 68 = 11. What is the remainder when ((-4)/q)/((-4)/(-240)) is divided by b?
8
Let t(r) = -26*r**2 + 12*r + 31. Let z(a) = -12*a**2 + 6*a + 15. Let l(d) = 3*t(d) - 7*z(d). Calculate the remainder when l(6) is divided by 43.
39
Suppose 0 = 3*y, -5*s = -0*s + 3*y + 1860. Let c = -364 - s. What is the remainder when 437 is divided by c?
5
Let j be ((-15)/10)/(27/(-36)). Suppose -2*i - 13 - 167 = -j*n, -5*n = 3*i - 434. What is the remainder when n is divided by 12?
4
Let f(c) = 27*c + 1844. What is the remainder when 229 is divided by f(-64)?
113
Suppose 318 + 102 = -7*s + 42*s. Calculate the remainder when 88 is divided by s.
4
Let c(p) = -12*p - 13. Let r be c(11). Let l = 123 + r. Calculate the remainder when l/33 - 251/(-3) is divided by 12.
11
Let s be (-4)/10 + (-68)/(-20) + 1. Suppose 4*u = -d + 827 + 106, -2*u + 484 = s*d. What is the remainder when u is divided by 6?
4
Let x = -785 - -794. Calculate the remainder when 12039 is divided by x.
6
Let m(x) = 120*x + 131*x + 20 + 25*x**2 - 234*x - 3*x**3. What is the remainder when 43 is divided by m(9)?
10
Suppose -n + 16*n = -14*n + 15486. Calculate the remainder when n is divided by 30.
24
Suppose 3*k + 4*k = 0. Let g be 3 - -22 - (1 - 0 - k). What is the remainder when (-407)/(-4) - (-6)/g*1 is divided by 18?
12
Let m = -307 + 198. What is the remainder when 292 is divided by m/(-4) - (5 - 10)/(-20)?
22
Suppose z + 237 = 4*z. Calculate the remainder when z is divided by 13 - (-69 - -67)*3*(-2)/(-4).
15
Let x = 3193 - 3101. Suppose 0 = -5*r - f + 67, -2*r - 2*f = f - 19. Calculate the remainder when x is divided by r.
8
Suppose 178 = -3*d + 160. Calculate the remainder when 2*2 - (d + -13) is divided by 0 + (-1)/(2/(-14)).
2
Suppose 65*y - 13174 = 51*y. What is the remainder when y is divided by 23?
21
Let f(j) = 4*j + 18. Let h be f(-3). Suppose -84 = h*q - 234. Suppose 0 = 3*c - 52 + q. Calculate the remainder when 34 is divided by c.
7
Let x be (((-12)/9)/4)/((-1)/(-6)). Let u be x/((-10)/275) + 0 + 1. Let a = u - 30. What is the remainder when 76 is di